ed by 748.
631
What is the remainder when 37856468 is divided by 2755?
13
Calculate the remainder when 33245 is divided by 12684.
7877
What is the remainder when 3912811 is divided by 65?
6
What is the remainder when 2253930 is divided by 1718?
1632
What is the remainder when 26828584 is divided by 26828576?
8
Calculate the remainder when 105118300 is divided by 13139787.
4
Calculate the remainder when 92883 is divided by 3432.
219
Calculate the remainder when 599256 is divided by 8098.
4
Calculate the remainder when 1908909 is divided by 132.
57
Calculate the remainder when 95514677 is divided by 8683152.
5
Calculate the remainder when 586227 is divided by 2364.
2319
What is the remainder when 78204 is divided by 8688?
12
What is the remainder when 8630082 is divided by 74?
54
What is the remainder when 663032 is divided by 988?
84
Calculate the remainder when 25240621 is divided by 8.
5
Calculate the remainder when 5107 is divided by 22.
3
What is the remainder when 418157 is divided by 1866?
173
Calculate the remainder when 1287263385 is divided by 1002.
999
Calculate the remainder when 167317 is divided by 49.
31
What is the remainder when 9287197 is divided by 662?
661
Calculate the remainder when 3066380 is divided by 1105.
5
Calculate the remainder when 210533303 is divided by 564.
563
What is the remainder when 14657391 is divided by 3060?
3051
Calculate the remainder when 788242 is divided by 157496.
762
What is the remainder when 1155154 is divided by 5747?
7
What is the remainder when 16144365 is divided by 199313?
12
What is the remainder when 1300682 is divided by 24085?
92
Calculate the remainder when 110932412 is divided by 224.
220
What is the remainder when 322393 is divided by 2734?
2515
Calculate the remainder when 128801 is divided by 141.
68
Calculate the remainder when 8460340 is divided by 4230154.
32
What is the remainder when 113942344 is divided by 4707?
4702
What is the remainder when 51098371 is divided by 114?
37
What is the remainder when 184895004 is divided by 113?
110
What is the remainder when 117897488 is divided by 93?
86
What is the remainder when 316985 is divided by 2963?
2907
Calculate the remainder when 37357 is divided by 9019.
1281
What is the remainder when 34799457 is divided by 1510?
1507
What is the remainder when 3914330 is divided by 80?
10
Calculate the remainder when 3972389 is divided by 283742.
1
Calculate the remainder when 3683667 is divided by 26.
13
What is the remainder when 103968 is divided by 1108?
924
What is the remainder when 1455004 is divided by 328?
324
Calculate the remainder when 2780352 is divided by 172.
144
Calculate the remainder when 194464 is divided by 521.
131
Calculate the remainder when 3593407 is divided by 77.
48
What is the remainder when 15799 is divided by 126?
49
What is the remainder when 5844032 is divided by 1168?
528
Calculate the remainder when 173486076 is divided by 6962.
6960
Calculate the remainder when 8544491 is divided by 2848140.
71
Calculate the remainder when 44074007 is divided by 6811.
26
What is the remainder when 113862 is divided by 14164?
550
Calculate the remainder when 17973 is divided by 4306.
749
What is the remainder when 3334390 is divided by 111146?
10
Calculate the remainder when 1140558 is divided by 261.
249
Calculate the remainder when 335443 is divided by 8400.
7843
What is the remainder when 304654 is divided by 547?
522
Calculate the remainder when 1037491 is divided by 51.
49
What is the remainder when 293570 is divided by 6988?
74
Calculate the remainder when 13250292 is divided by 122.
116
Calculate the remainder when 5705522 is divided by 191.
161
What is the remainder when 198917 is divided by 65976?
989
What is the remainder when 95828 is divided by 1652?
12
Calculate the remainder when 7410506 is divided by 42.
26
Calculate the remainder when 225700 is divided by 48.
4
What is the remainder when 182879 is divided by 7619?
23
Calculate the remainder when 23399483 is divided by 152.
147
Calculate the remainder when 9652434 is divided by 169.
168
Calculate the remainder when 857295 is divided by 38964.
87
What is the remainder when 303880 is divided by 11603?
2202
Calculate the remainder when 1228931 is divided by 136545.
26
Calculate the remainder when 223099 is divided by 13121.
42
Calculate the remainder when 8579939 is divided by 3425.
314
What is the remainder when 41914932 is divided by 2143?
2138
What is the remainder when 40033 is divided by 501?
454
What is the remainder when 394627 is divided by 14093?
23
What is the remainder when 11270947 is divided by 5016?
5011
Calculate the remainder when 5937733 is divided by 105.
88
Calculate the remainder when 3566189 is divided by 1668.
5
What is the remainder when 7711662 is divided by 1086?
1062
Calculate the remainder when 20956795 is divided by 960.
955
Calculate the remainder when 175778 is divided by 1331.
86
What is the remainder when 25401035 is divided by 28?
23
Calculate the remainder when 1005274 is divided by 1005095.
179
Calculate the remainder when 9146981 is divided by 616.
613
What is the remainder when 12806176 is divided by 154?
152
Calculate the remainder when 12993575 is divided by 408.
407
Calculate the remainder when 2587032 is divided by 22302.
0
What is the remainder when 73863151 is divided by 437060?
11
Calculate the remainder when 2550101 is divided by 364298.
15
What is the remainder when 38109 is divided by 37921?
188
What is the remainder when 135463523 is divided by 243202?
9
What is the remainder when 43573 is divided by 1351?
341
What is the remainder when 1419489 is divided by 54?
45
What is the remainder when 6395444 is divided by 52?
16
Calculate the remainder when 267560 is divided by 3679.
2672
Calculate the remainder when 48040 is divided by 455.
265
What is the remainder when 166644286 is divided by 64666?
4
Calculate the remainder when 1105578 is divided by 4006.
3928
Calculate the remainder when 29906483 is divided by 1574025.
8
Calculate the remainder when 1195046 is divided by 298760.
6
What is the remainder when 518093603 is divided by 7?
6
What is the remainder when 1511798 is divided by 170?
158
What is the remainder when 914292 is divided by 675?
342
Calculate the remainder when 26072255 is divided by 8690746.
17
Calculate the remainder when 163557897 is divided by 495.
492
Calculate the remainder when 213806286 is divided by 52.
18
Calculate the remainder when 12567970 is divided by 12.
10
Calculate the remainder when 23069589 is divided by 819.
816
What is the remainder when 8335499 is divided by 300?
299
Calculate the remainder when 4297200 is divided by 1432234.
498
Calculate the remainder when 491699 is divided by 163838.
185
Calculate the remainder when 9351471 is divided by 696.
15
What is the remainder when 46526502 is divided by 113?
108
Calculate the remainder when 97077 is divided by 260.
97
What is the remainder when 12448419 is divided by 23?
14
Calculate the remainder when 2732450 is divided by 210172.
214
Calculate the remainder when 137967 is divided by 10608.
63
What is the remainder when 445431 is divided by 121?
30
Calculate the remainder when 74293 is divided by 100.
93
What is the remainder when 65666 is divided by 2095?
721
Calculate the remainder when 2387392 is divided by 795789.
25
Calculate the remainder when 198580 is divided by 198432.
148
Calculate the remainder when 86467 is divided by 703.
701
What is the remainder when 498638 is divided by 33239?
53
What is the remainder when 36072902 is divided by 3?
2
Calculate the remainder when 34328 is divided by 975.
203
Calculate the remainder when 235193 is divided by 20.
13
What is the remainder when 67376 is divided by 3731?
218
Calculate the remainder when 23484264 is divided by 219.
18
What is the remainder when 80243 is divided by 1114?
35
Calculate the remainder when 505459 is divided by 1893.
28
What is the remainder when 121306651 is divided by 12685?
12681
Calculate the remainder when 7488 is divided by 278.
260
Calculate the remainder when 1375763 is divided by 196534.
25
Calculate the remainder when 771430 is divided by 7714.
30
What is the remainder when 646351 is divided by 1173?
28
Calculate the remainder when 220318623 is divided 